git of 63070202?
0
What is the hundreds digit of 146643900?
9
What is the thousands digit of 597902732?
2
What is the hundred thousands digit of 741063307?
0
What is the millions digit of 97648360?
7
What is the hundreds digit of 4519974950?
9
What is the ten millions digit of 32636669?
3
What is the hundred thousands digit of 54469768?
4
What is the hundreds digit of 50225641?
6
What is the hundred millions digit of 1365894539?
3
What is the billions digit of 1166874957?
1
What is the tens digit of 599359556?
5
What is the tens digit of 1765854649?
4
What is the billions digit of 2760333675?
2
What is the ten millions digit of 1400729882?
0
What is the units digit of 110728896?
6
What is the ten thousands digit of 18920844?
2
What is the hundred millions digit of 2106986455?
1
What is the ten millions digit of 13212795?
1
What is the hundred thousands digit of 5319606?
3
What is the ten thousands digit of 43310359?
1
What is the hundreds digit of 49404045?
0
What is the tens digit of 24361775?
7
What is the hundred thousands digit of 429305260?
3
What is the units digit of 30949269?
9
What is the hundreds digit of 262404308?
3
What is the thousands digit of 190457980?
7
What is the thousands digit of 1018928098?
8
What is the billions digit of 1815845571?
1
What is the tens digit of 58538537?
3
What is the hundred millions digit of 2747884517?
7
What is the thousands digit of 1711160003?
0
What is the units digit of 116994112?
2
What is the ten millions digit of 337595203?
3
What is the millions digit of 54456560?
4
What is the hundred thousands digit of 328788101?
7
What is the ten millions digit of 21552757?
2
What is the hundred thousands digit of 2102258391?
2
What is the millions digit of 88482270?
8
What is the ten millions digit of 533348363?
3
What is the ten millions digit of 491906876?
9
What is the hundred thousands digit of 643120987?
1
What is the ten thousands digit of 67307875?
0
What is the hundreds digit of 43898197?
1
What is the thousands digit of 62863066?
3
What is the millions digit of 76280190?
6
What is the ten millions digit of 2905233328?
0
What is the hundreds digit of 56899612?
6
What is the millions digit of 927407595?
7
What is the ten millions digit of 1162599963?
6
What is the hundreds digit of 5079777271?
2
What is the millions digit of 163970942?
3
What is the thousands digit of 263443340?
3
What is the units digit of 14983710?
0
What is the units digit of 4324056497?
7
What is the units digit of 49141212?
2
What is the hundred thousands digit of 1767350649?
3
What is the ten millions digit of 2333668140?
3
What is the millions digit of 16583678?
6
What is the units digit of 81643062?
2
What is the units digit of 25230933?
3
What is the thousands digit of 24068620?
8
What is the millions digit of 268594143?
8
What is the ten millions digit of 758818365?
5
What is the units digit of 12243402?
2
What is the ten millions digit of 5878059942?
7
What is the thousands digit of 32563115?
3
What is the tens digit of 34503480?
8
What is the units digit of 1157004351?
1
What is the hundred millions digit of 1091232838?
0
What is the hundred thousands digit of 3275814107?
8
What is the units digit of 1229063553?
3
What is the ten thousands digit of 28714224?
1
What is the ten thousands digit of 937080303?
8
What is the tens digit of 1423911419?
1
What is the tens digit of 1291033579?
7
What is the ten thousands digit of 41546354?
4
What is the ten thousands digit of 80944315?
4
What is the units digit of 23238490?
0
What is the hundred millions digit of 1885642995?
8
What is the ten millions digit of 977248367?
7
What is the hundred thousands digit of 12870614?
8
What is the thousands digit of 448715622?
5
What is the millions digit of 314825604?
4
What is the ten millions digit of 1032693207?
3
What is the ten thousands digit of 5586640778?
4
What is the hundreds digit of 592068852?
8
What is the tens digit of 3011491143?
4
What is the tens digit of 209145619?
1
What is the ten thousands digit of 135407591?
0
What is the tens digit of 460160096?
9
What is the hundred thousands digit of 174364247?
3
What is the hundred thousands digit of 721583102?
5
What is the hundred thousands digit of 2795709251?
7
What is the ten thousands digit of 38696636?
9
What is the units digit of 42262244?
4
What is the units digit of 45451238?
8
What is the billions digit of 1679692497?
1
What is the hundred thousands digit of 12785200?
7
What is the ten thousands digit of 49951030?
5
What is the hundred thousands digit of 147727153?
7
What is the ten thousands digit of 390067709?
6
What is the ten millions digit of 904991506?
0
What is the units digit of 1448184560?
0
What is the hundred thousands digit of 153652277?
6
What is the millions digit of 2124006734?
4
What is the tens digit of 23119977?
7
What is the ten millions digit of 256779992?
5
What is the units digit of 971816?
6
What is the ten thousands digit of 19565780?
6
What is the hundred thousands digit of 5189691?
1
What is the millions digit of 7748277420?
8
What is the ten thousands digit of 630003346?
0
What is the hundred thousands digit of 50782935?
7
What is the ten millions digit of 114500237?
1
What is the thousands digit of 16876721?
6
What is the millions digit of 62029588?
2
What is the millions digit of 26973155?
6
What is the ten thousands digit of 34536631?
3
What is the millions digit of 109910226?
9
What is the hundred thousands digit of 1569128197?
1
What is the ten millions digit of 458894220?
5
What is the hundred thousands digit of 78199955?
1
What is the ten millions digit of 2664164705?
6
What is the ten millions digit of 161507653?
6
What is the ten thousands digit of 1128533838?
3
What is the ten thousands digit of 879211097?
1
What is the ten millions digit of 71400592?
7
What is the ten thousands digit of 363270708?
7
What is the hundred thousands digit of 783601910?
6
What is the ten millions digit of 5723418321?
2
What is the millions digit of 489138250?
9
What is the millions digit of 2885940597?
5
What is the billions digit of 3656618407?
3
What is the hundred thousands digit of 135152622?
1
What is the thousands digit of 24176870?
6
What is the units digit of 21245106?
6
What is the hundred millions digit of 335851387?
3
What is the millions digit of 713077865?
3
What is the ten millions digit of 6674117236?
7
What is the hundred millions digit of 563563762?
5
What is the tens digit of 192149031?
3
What is the hundred thousands digit of 60315517?
3
What is the ten millions digit of 77131342?
7
What is the hundreds digit of 1048484531?
5
What is the ten millions digit of 42538905?
4
What is the hundred thousands digit of 107573806?
5
What is the hundred millions digit of 592507529?
5
What is the ten thousands digit of 1009110448?
1
What is the hundred thousands digit of 110139779?
1
What is the ten millions digit of 337779081?
3
What is the hundreds digit of 26926339?
3
What is the thousands digit of 1032568591?
8
What is the thousands digit of 111697569?
7
What is the tens digit of 434187525?
2
What is the millions digit of 138044046?
8
What is the tens digit of 170818431?
3
What is the tens digit of 1768665428?
2
What is the thousands digit of 976646950?
6
What is the hundreds digit of 464510572?
5
What is the millions digit of 2305326735?
5
What is the hundred thousands digit of 8451751741?
7
What is the units digit of 29344371?
1
What is the ten thousands digit of 1727957786?
5
What is the units digit of 70457540?
0
What is the units digit of 536389958?
8
What is the ten millions digit of 5804360415?
0
What is the units digit of 179020775?
5
What is the ten millions digit of 573565520?
7
What is the billions digit of 4008616101?
4
What is the units digit of 99828290?
0
What is the thousands digit of 5824077227?
7
What is the ten thousands digit of 2209352928?
5
What is the ten millions digit of 121290627?
2
What is the ten millions digit of 473810801?
7
What is the thousands digit of 28871937?
1
What is the millions digit of 181170322?
1
What is the tens digit of 797950467?
6
What is the ten thousands digit of 177951078?
5
What is the hundreds digit of 61364696?
6
What is the hundred millions digit of 258366324?
2
What is the billions digit